nits digit of l?
2
Suppose 0 = 2*c - c. Suppose 0 = -2*k + 28 - c. What is the tens digit of k?
1
Let q = 516 + -267. What is the tens digit of q?
4
What is the tens digit of (44 + -2)*13/3 - 3?
7
Let m(d) = -24*d - 25. What is the tens digit of m(-3)?
4
What is the tens digit of 224/(-21)*-1*9?
9
Suppose 0 = -3*z, -5*z = 5*f - 6 - 14. What is the tens digit of (30/f)/(39/104)?
2
Suppose -m + 31 - 4 = 5*q, -2*m = -4*q + 30. Suppose -4 + q = y. What is the units digit of y?
2
Suppose 0 = -3*u - 3*s + 84, -8*s + 3*s - 108 = -3*u. Let l = u + -16. What is the tens digit of l?
1
Let b(u) = 57*u**2 + 2*u. What is the units digit of b(-1)?
5
Suppose 3 = 3*q - 0*q. Let c = q - -2. Suppose 0 = c*u - 2*u - 5. What is the units digit of u?
5
Suppose 87 = 2*y + y. What is the units digit of y?
9
Let g = -8 - -7. Let w = g + 8. What is the units digit of w?
7
Let v = 10 - 5. Suppose -3 = -a + v*h, 0 = -2*a + 3*a + 5*h - 3. What is the units digit of a?
3
Suppose x - 4*a = -2*a + 75, 0 = -4*x + 3*a + 320. What is the units digit of x?
3
Suppose 0 = k + k - v - 4, 5*k + 5*v = 25. Suppose -17 = -k*g + 13. What is the units digit of g?
0
Let y(v) = -9*v**3 - v**2. Suppose 0*g + 4 = -4*g. What is the units digit of y(g)?
8
Let w = 109 - 67. What is the tens digit of w?
4
Let z(p) = p**3 - 4*p**2 - 2*p + 5. Let g = 2 + 3. What is the units digit of z(g)?
0
Suppose 5*g - 5 = 15. What is the units digit of 15/6 + g/(-8)?
2
What is the units digit of 277*(8/(-10) - (-18)/10)?
7
Let z(i) = -6*i - i**2 - 3 + 0*i**2 + 2*i**2. Let v be z(7). Suppose -v*b + 16 = 4*x - 4, 16 = 4*b. What is the units digit of x?
1
What is the tens digit of (2/6 - 74/(-3))*2?
5
Let h(s) = -s**3 + 7*s**2 - 5*s - 2. Let w be h(6). Suppose -2*v + v = -w*g + 47, 12 = -4*v. Let m = g - 4. What is the units digit of m?
7
Let t(k) be the third derivative of -k**4/24 + 4*k**3/3 - k**2. Let x(v) = -v**3 - 3*v**2 - v - 3. Let u be x(-3). What is the units digit of t(u)?
8
Suppose 0 = g - 3 + 6. Let i = g - -7. Suppose -b - 4*b - i*r + 80 = 0, -b + 32 = 4*r. What is the units digit of b?
2
What is the tens digit of (-10)/(-20)*0/(-1) - -82?
8
Let x be 6/9 + 230/6. Suppose -3*w + x = -0*w. What is the tens digit of w?
1
Let k(a) = -11*a - 7. Let m be k(4). Let h = m - -98. What is the tens digit of h?
4
Suppose -3*b + 0*b = 0. Suppose 3*r + 6 = b, 4*r + 37 = 4*i - 127. Suppose 0 = -4*w + i - 7. What is the units digit of w?
8
Suppose 0 = -2*p + 12 + 18. Suppose 3*h = 6*h - p. What is the units digit of h?
5
Suppose -2*s - 2 = -0. Let l = 2 + s. Suppose -7 = -k + l. What is the units digit of k?
8
Suppose -2*r + 112 = 2*r. What is the units digit of r?
8
Let p = 620 - 296. What is the hundreds digit of p?
3
Let v(x) = x**3 - x**2 - 4. Suppose 6*d - 3*d - 9 = 0. Let m be v(d). Suppose 5*c - 9 = -2*j, 3*j = 8*j + 4*c - m. What is the units digit of j?
2
Let m be 100/(-3) + 4/(-6). Let s = m - -47. What is the tens digit of s?
1
Let v(d) = -4*d + 6. Let i(b) = -4*b + 7. Let g(r) = -3*i(r) + 4*v(r). What is the tens digit of g(-5)?
2
Suppose -t - 2*t = 15, 5*s - 10 = -2*t. Suppose 2*w + w - 6 = 0. Suppose -5*d - 1 = -6*d - w*j, s*d - 20 = -4*j. What is the units digit of d?
9
Let t = 34 - 56. Let h = 31 + t. What is the units digit of h?
9
Suppose 9*d + 786 = 15*d. What is the hundreds digit of d?
1
Suppose -4*s = s - 15. Suppose 0 = s*w + 2 + 4. What is the units digit of 7/9 + w/(-9)?
1
Suppose 0 = 5*w - 4 - 6. What is the units digit of (1 - w)/1 + 11?
0
Let m = 94 + -60. What is the tens digit of m?
3
Suppose 0 = 4*b - 4*q - 60, -2*b + q = -4*q - 27. What is the tens digit of b?
1
Let p(r) = -r**3 + 8*r**2 + 12*r + 10. What is the tens digit of p(9)?
3
Suppose p = 5*p - 412. What is the units digit of p?
3
Let b be (-1)/3 - (-4)/(-6). Let y(h) = -1. Let g(d) = -d**2 - 2. Let z(t) = b*g(t) + 2*y(t). What is the units digit of z(2)?
4
Let d = -20 + 22. What is the units digit of d?
2
Let f(z) = -z**3 - z**2 + 2*z + 3. Let j be f(-2). Suppose -5 = -3*y - n, -5*y + j*n = -30 + 3. What is the units digit of y?
3
Let q(a) be the third derivative of a**4/24 + a**3/3 - a**2. Suppose -4*t + 23 = 3. What is the units digit of q(t)?
7
Let f = -27 + 16. Suppose 18 = -a + 2*a. Let j = a + f. What is the units digit of j?
7
Let b = 174 + -98. What is the tens digit of b?
7
What is the tens digit of (75/10)/((-6)/(-8))?
1
What is the units digit of (-1262)/(-6) - ((-10)/15 + 0)?
1
Let a be 23/(-3) - 2/(-3). Let g = -6 - a. Let l(s) = 6*s**3 - s**2 + s. What is the units digit of l(g)?
6
Suppose -5*q - 6*m + 470 = -m, 2*q = 2*m + 188. What is the tens digit of q?
9
Suppose 0 = -6*u - 1 + 13. Suppose 2*p = 4*m - 130, -5*m + 3*p - u*p = -155. What is the tens digit of m?
3
Let w = 8 + 53. What is the tens digit of w?
6
Suppose -8*u + 117 = -3*u - 2*o, 12 = 3*o. What is the tens digit of u?
2
Let n(t) = 39*t + 6. What is the tens digit of n(3)?
2
What is the units digit of (25 - 1)/((-78)/(-208))?
4
Let k be (-2)/3 + 6/9. Let x be ((-2)/6)/((-5)/15). Let t = k + x. What is the units digit of t?
1
Suppose o + 1310 = -a + 5*a, -o - 654 = -2*a. What is the hundreds digit of a?
3
Let w(g) = g**2 + 3*g - 4. Let u be w(-5). Let i(h) = -h**3 + 6*h**2 - h - 6. Let x be i(u). What is the units digit of (4/x)/(1/(-63))?
1
Let o be (0 + -1)/(0 + 1). What is the units digit of 8 + 21 + (-4)/o?
3
Let p(r) = 530*r + 1. Let x be p(1). Suppose -x - 141 = -4*m. What is the units digit of 6/(-27) + m/27?
6
Let k(i) = -i**3 - 6*i**2 - 3*i + 8. What is the tens digit of k(-6)?
2
Suppose 5*y = 135 + 175. Suppose 3*b + y = 197. What is the tens digit of b?
4
Suppose -w + 5*c = w - 45, -35 = -4*w - c. What is the units digit of (-876)/(-30) - 2/w?
9
Let f be 0/2 + (7 - 4). Suppose 3 = -f*h + 4*h. What is the units digit of h?
3
Let t(z) = z - 1. Suppose -3*v - 2*m + 5*m + 36 = 0, -12 = -2*v - 4*m. Let l be t(v). Let n = l - 3. What is the units digit of n?
6
Suppose 5*m + x = -30, 7 = -3*m - x - 11. Let g = -4 - m. Suppose -29 = -3*j - g*y, -3*j - y - 2*y + 33 = 0. What is the units digit of j?
7
Suppose 5*h = 87 + 63. Suppose -n = -3*m + n + 11, 5*m - h = n. Suppose 0 = -m*y + 2*y + 70. What is the tens digit of y?
1
Suppose 0*d - 2*d = 3*v + 13, 22 = -3*d - 5*v. What is the units digit of (d + -3)/((-4)/6)?
3
Let t(j) = j - 1. Let u be t(5). Suppose 2*b + u = 2. What is the units digit of (-1 - -5)*1 + b?
3
Let n = -15 + 8. Let r(w) = w**3 + 8*w**2 + 8*w + 9. Let m be r(n). Suppose m*j - 1 = 13. What is the units digit of j?
7
Let j(q) = -q + 26. Let p be j(0). Suppose -22 + 6 = v. Let d = v + p. What is the tens digit of d?
1
Let y(k) = -k**3 - 8*k**2 - 9*k - 4. What is the tens digit of y(-7)?
1
Let h(v) = 6*v - 13. What is the tens digit of h(7)?
2
Let g = -16 + 26. Suppose -3*u + u = -g. Suppose 2*l - 5*l + 2*b + 4 = 0, -u*l = 2*b - 12. What is the units digit of l?
2
Suppose -14*v + 5 = -13*v. Suppose -3*b + v*b = 40. What is the tens digit of b?
2
Let l = -4 - -11. What is the units digit of l?
7
Let n = 1 + -4. What is the units digit of n + ((-156)/4)/(-1)?
6
What is the tens digit of 1 - (-970)/25 - (-4)/20?
4
Let g(u) = 23*u**2 + u - 2. What is the units digit of g(1)?
2
Let c be (-18)/(-30) - (-7)/5. Let x(a) = c*a - a - 5*a + 2. What is the tens digit of x(-3)?
1
Suppose 5*f = 3*x - x - 4, -3*f - 3*x = 15. Let m = f - -4. Let k = 5 - m. What is the units digit of k?
3
Suppose 4*d - 2 = 10. Suppose 3*m + d*h - 2*h - 11 = 0, 15 = -5*m + 5*h. Suppose -c = -m*g - 4, 2*c - 2*g - 6 = -0. What is the units digit of c?
2
Let f be 104/18 + 2/9. Let r(l) = -l + 12. What is the units digit of r(f)?
6
Let f = 39 - 18. Let y = f - 3. What is the units digit of y?
8
Suppose -d + 317 + 424 = 4*f, -5*f + 4*d + 921 = 0. What is the hundreds digit of f?
1
Suppose 4*a - 3*k - 1 = 14, -k = -4*a + 5. Suppose -s + o + 2 = a, 14 = 4*s - 2*o - 2. What is the units digit of (-1)/(3/s + -1)?
2
Suppose -4*d = -o - 89 + 258, 3*o - 129 = 3*d. Let f = d + 73. What is the tens digit of f?
3
Let c = 16 - 10. Suppose o + 20 = c*o. What is the units digit of o?
4
Let r(g) = -g + 1. Let k be r(2). Suppose 5*x + 30 = 5*n - 0*n, x = -5*n + 42. What is the units digit of n*(-1)/2*k?
4
Let u(a) = a**3 - 13*a**2 + 10*a + 27. What is the units digit of u(12)?
3
Le